visor of 74 and 925?
37
Calculate the highest common factor of 7719 and 372.
93
What is the greatest common factor of 560 and 2160?
80
What is the greatest common divisor of 35 and 11970?
35
Calculate the greatest common factor of 897 and 52.
13
What is the greatest common factor of 2916 and 72?
36
Calculate the greatest common divisor of 1365 and 315.
105
Calculate the highest common factor of 34 and 54.
2
Calculate the greatest common factor of 44 and 436.
4
What is the greatest common factor of 56 and 6776?
56
Calculate the greatest common factor of 196 and 56.
28
Calculate the highest common factor of 810 and 10.
10
What is the highest common factor of 408 and 216?
24
Calculate the greatest common factor of 144 and 25152.
48
Calculate the greatest common divisor of 58 and 1102.
58
Calculate the greatest common factor of 7 and 1561.
7
Calculate the greatest common divisor of 1215 and 18.
9
What is the greatest common factor of 516 and 24?
12
Calculate the greatest common factor of 774 and 66.
6
What is the highest common divisor of 90450 and 30?
30
Calculate the greatest common divisor of 1220 and 20.
20
Calculate the highest common divisor of 943 and 23.
23
What is the greatest common factor of 189 and 81?
27
Calculate the greatest common divisor of 636 and 108.
12
Calculate the greatest common divisor of 73 and 511.
73
What is the highest common factor of 57 and 1919?
19
Calculate the highest common factor of 51 and 4029.
51
What is the highest common divisor of 290 and 120?
10
Calculate the greatest common factor of 275 and 110.
55
Calculate the greatest common factor of 305 and 244.
61
Calculate the highest common divisor of 621 and 27.
27
Calculate the greatest common divisor of 12 and 14.
2
What is the highest common factor of 115 and 5?
5
Calculate the highest common divisor of 29 and 667.
29
What is the highest common factor of 5024 and 32?
32
Calculate the greatest common factor of 22 and 44.
22
Calculate the highest common divisor of 4581 and 45.
9
Calculate the highest common divisor of 405 and 30.
15
Calculate the greatest common factor of 285 and 475.
95
Calculate the greatest common divisor of 32 and 1024.
32
Calculate the highest common factor of 5974 and 412.
206
What is the highest common factor of 754 and 26?
26
Calculate the greatest common factor of 20 and 6010.
10
What is the highest common factor of 27 and 19953?
27
What is the greatest common divisor of 8 and 184?
8
Calculate the greatest common divisor of 34 and 1343.
17
What is the greatest common factor of 302 and 20989?
151
Calculate the greatest common factor of 1199 and 132.
11
What is the highest common factor of 1116 and 36?
36
What is the greatest common divisor of 133 and 58121?
133
Calculate the greatest common divisor of 990 and 605.
55
Calculate the highest common divisor of 144 and 18.
18
Calculate the highest common factor of 50 and 850.
50
Calculate the highest common factor of 855 and 27.
9
Calculate the highest common factor of 1196 and 644.
92
What is the highest common divisor of 1828 and 8?
4
Calculate the greatest common factor of 69 and 1127.
23
What is the highest common factor of 3306 and 5394?
174
Calculate the greatest common divisor of 1863 and 567.
81
What is the highest common factor of 14 and 140?
14
What is the greatest common factor of 43 and 1161?
43
What is the highest common divisor of 21 and 147?
21
Calculate the greatest common factor of 63 and 105.
21
What is the greatest common divisor of 70 and 254?
2
What is the highest common divisor of 135 and 3705?
15
Calculate the highest common divisor of 231 and 84.
21
Calculate the highest common factor of 1037 and 34.
17
What is the highest common factor of 39 and 507?
39
What is the greatest common factor of 200 and 125?
25
Calculate the highest common divisor of 65 and 5.
5
Calculate the highest common factor of 43 and 2.
1
What is the highest common divisor of 357 and 189?
21
Calculate the highest common divisor of 48 and 112.
16
What is the greatest common divisor of 224 and 56?
56
Calculate the greatest common factor of 27 and 108.
27
What is the highest common divisor of 7746 and 6?
6
What is the highest common factor of 792 and 2200?
88
Calculate the highest common divisor of 76 and 57.
19
What is the greatest common divisor of 147 and 21?
21
Calculate the highest common divisor of 123 and 492.
123
Calculate the highest common divisor of 27 and 459.
27
Calculate the greatest common factor of 76 and 703.
19
What is the highest common divisor of 441 and 18?
9
What is the greatest common factor of 11664 and 144?
144
What is the greatest common divisor of 930 and 40?
10
What is the greatest common divisor of 10662 and 6?
6
Calculate the greatest common factor of 205 and 29315.
205
Calculate the greatest common factor of 637 and 364.
91
What is the greatest common divisor of 871 and 134?
67
What is the greatest common factor of 100 and 2?
2
What is the greatest common factor of 5 and 32?
1
What is the greatest common factor of 132 and 4818?
66
Calculate the highest common divisor of 342 and 1026.
342
What is the highest common divisor of 264 and 22?
22
What is the highest common divisor of 304 and 64?
16
Calculate the highest common divisor of 986 and 116.
58
Calculate the greatest common factor of 192 and 704.
64
Calculate the greatest common divisor of 1258 and 111.
37
What is the greatest common factor of 50 and 325?
25
Calculate the greatest common divisor of 30 and 250.
10
What is the greatest common divisor of 793 and 559?
13
Calculate the greatest common factor of 1862 and 38.
38
Calculate the greatest common divisor of 204 and 1700.
68
Calculate the greatest common divisor of 2360 and 88.
8
Calculate the greatest common divisor of 8775 and 300.
75
What is the greatest common factor of 76 and 532?
76
What is the highest common divisor of 3038 and 124?
62
Calculate the greatest common factor of 330 and 55.
55
Calculate the highest common divisor of 252 and 17451.
63
What is the greatest common factor of 97 and 45299?
97
What is the highest common factor of 1144 and 104?
104
Calculate the greatest common factor of 34 and 5542.
34
Calculate the greatest common factor of 16 and 400.
16
What is the greatest common divisor of 609 and 315?
21
What is the highest common factor of 7398 and 216?
54
What is the highest common factor of 1 and 771?
1
Calculate the highest common divisor of 390 and 135.
15
What is the greatest common factor of 80 and 8?
8
Calculate the greatest common factor of 20 and 8130.
10
What is the highest common factor of 32 and 13856?
32
What is the highest common divisor of 3146 and 4114?
242
What is the greatest common divisor of 298 and 2?
2
Calculate the highest common divisor of 16 and 5232.
16
What is the greatest common factor of 17 and 1139?
17
Calculate the greatest common factor of 108 and 4833.
27
What is the greatest common divisor of 130 and 5954?
26
What is the greatest common factor of 252 and 2436?
84
Calculate the highest common factor of 34 and 9707.
17
What is the greatest common factor of 6 and 12822?
6
What is the greatest common factor of 400 and 208?
16
Calculate the highest common divisor of 243 and 513.
27
What is the highest common factor of 156 and 372?
12
Calculate the highest common divisor of 11 and 2442.
11
What is the greatest common factor of 105 and 150?
15
Calculate the greatest common divisor of 282 and 36.
6
What is the highest common divisor of 291 and 48?
3
What is the highest common divisor of 24764 and 164?
164
Calculate the highest common factor of 27 and 99.
9
What is the greatest common factor of 55 and 905?
5
What is the greatest common factor of 1088 and 448?
64
What is the highest common divisor of 6792 and 96?
24
What is the highest common factor of 3 and 69?
3
Calculate the greatest common divisor of 80 and 1280.
80
Calculate the highest common divisor of 132 and 636.
12
What is the highest common divisor of 350 and 13850?
50
Calculate the highest common divisor of 126 and 4746.
42
What is the highest common divisor of 3333 and 33?
33
Calculate the greatest common divisor of 102 and 42.
6
Calculate the greatest common factor of 143 and 22.
11
Calculate the highest common factor of 255 and 4695.
15
Calculate the 